*q**2 + q - 3. Let o be r(-3). Let n be -2 - -5 - (-561)/o. Suppose -49*h + n = -44*h. List the prime factors of h.
2, 19
Suppose -b + 8 = x, -22*x + 6 = -20*x + 4*b. Let y = 239 - x. List the prime factors of y.
2, 113
Suppose -5*b + 2*r + 27 = 0, b - 2*r - 6 = 1. Let a = -1648 + 2866. Suppose -b*m + 12*m = a. List the prime factors of m.
2, 3, 29
Suppose 0 = 3*a - 8*a + 1465. Let p = a + -131. Let d = -109 + p. List the prime factors of d.
53
Let j = -16 + 23. Suppose -11*q - 164 = -j*q. List the prime factors of -1 - (-7 - -3) - q.
2, 11
Suppose -4*s + c + 1 = 0, c - 3 = -3*s + 4*c. Let w be s/((50/5)/5). List the prime factors of -48*(-1 - w) + -3.
3, 5
Let i(u) = 21 + u - 11*u + 11*u. Let g be i(-19). Suppose g*z - 800 = -8*z. List the prime factors of z.
2, 5
Let f(n) = -190*n - 36. Suppose 3*w = -j - 19, 0*w + 24 = -j - 4*w. What are the prime factors of f(j)?
2, 181
Let t(z) = 1356*z**2 + 13*z - 13. Let v(h) = -h**3 - 17*h**2 - 14*h + 33. Let j be v(-16). What are the prime factors of t(j)?
2, 3, 113
Suppose -89*a + 2184420 = -40*a. List the prime factors of a.
2, 3, 5, 743
Let a(c) = -16*c**2 - 4*c - 4. Let x be a(-1). Let i = 261 - x. What are the prime factors of i?
277
Suppose 4*g - 3*s - 2*s - 28 = 0, -2*g = -4*s - 20. Suppose 0 = g*a + 13 - 19. Suppose 356 = a*r - p, -6*p + 10*p + 8 = 0. What are the prime factors of r?
2, 59
What are the prime factors of (-2198 + -1)/((-1176)/(-112)*2/(-7))?
733
Suppose 0 = 5*t + 5*i - 12295, -2*t - 4*i + 7695 = 2781. List the prime factors of t.
23, 107
Let d(p) = -152*p - 111. Let m be d(-33). Suppose -3*k = 3*j + j - m, -2439 = -2*j + 3*k. What are the prime factors of j?
2, 3, 17
What are the prime factors of ((-32972)/(-12))/(-4*(-7)/84)?
8243
Let g(r) be the third derivative of -7/12*r**4 + 0*r + 1/120*r**6 + 0 + 5/2*r**3 - 14*r**2 + 11/60*r**5. List the prime factors of g(-12).
3, 13
Suppose 0 = -3*x + 4*c + 2222, -x + 5*c = -6*x + 3680. Suppose 3*b = 5*b - x. List the prime factors of b.
3, 41
Let b(q) = q**2 + 5*q + 6. Suppose -34*g + 26*g = 32. Let y be b(g). What are the prime factors of (-4422)/(-27) - y/(-9)?
2, 41
Let c(g) = g**3 + 12*g**2 + 16*g + 12. Let f(k) = -k**3 - 7*k**2 - 6*k - 9. Let w be f(-6). Let a be c(w). Let i = -35 + a. List the prime factors of i.
2, 19
Suppose 0 = -4*l + 12, -l + 5*l - 1579 = -y. List the prime factors of y.
1567
Let v(z) = 34*z + 1. Let j(x) = 17*x - 1. Let b(o) = 5*j(o) - 2*v(o). Let n be (1/2)/((-2)/(-12)). List the prime factors of b(n).
2, 11
Let b = -2598 + 22864. What are the prime factors of b?
2, 10133
What are the prime factors of 2 - 3*(-344872)/24 - 7?
2, 3, 449
Let h(d) = -5*d + 22. Let k be h(7). Let s = -9 - k. List the prime factors of s - 8 - -169 - -2.
167
Let j = -514 - -519. List the prime factors of 879/15 - (3/j - 0).
2, 29
Let l be 8 + -15 - (-455)/7. What are the prime factors of (l/4 + -6)*46?
17, 23
Let n(o) = -o + 10. Suppose x + 3*x - 11 = -3*q, 0 = 2*q - 3*x + 21. Let v be n(q). Let g = 38 + v. What are the prime factors of g?
3, 17
What are the prime factors of 48/16 + 7 - -22016?
2, 3, 3671
Let a = 10 - -27. Let t = a - 32. Suppose -z - 72 = -f, 4*f - 281 = t*z + 6. What are the prime factors of f?
73
Suppose -5*n - 6 + 1 = -5*d, 0 = d + n - 3. Suppose 0*t = -b + d*t + 616, -2*t - 6 = 0. Suppose b = 116*z - 111*z. List the prime factors of z.
2, 61
Let h be 2*((-6 - (-2 - 0)) + 3). What are the prime factors of (-276)/((-14)/10 + h/(-5))?
2, 3, 23
Suppose -4*t = 4*x - 4936, 2*t - 5*t = -5*x + 6162. Let u = x + -712. List the prime factors of u.
521
Suppose g - 2*x = 19883, -2*g + 42480 = -x + 2705. What are the prime factors of g?
19889
Suppose 145*c - 6842 = 307177 + 14116. List the prime factors of c.
31, 73
Let u be -1*(-1041)/6*-2. Let y = 655 + u. What are the prime factors of y?
2, 7, 11
Suppose -3*i + 78312 = d, 5*d = 14*i - 13*i - 26104. List the prime factors of i.
2, 13, 251
Suppose 124858 + 182196 = 11*v. What are the prime factors of v?
2, 17, 821
Let r(q) = -q - 3. Let a = -45 + 45. Let j be r(a). List the prime factors of j/6*(-1 - (-1 - -338)).
13
Let b be ((-264)/(-30))/(4/10). Let o(y) = -5*y + 0*y**3 + y**3 - 12 - 21*y**2 - 14*y. List the prime factors of o(b).
2, 3
Suppose 0 = -4981*a + 5028*a - 455559 - 224249. What are the prime factors of a?
2, 113
Let c = 135 - 129. Suppose 40 + 92 = c*r. Suppose -5*p - g + 5*g + r = 0, -3*g - 13 = -2*p. List the prime factors of p.
2
Suppose -f - 5 + 9 = 0. Suppose -2*n = 2*i - 4 - f, 1 = -i + 4*n. Suppose 301 + 190 = 3*v + 4*z, 0 = -5*v + i*z + 799. List the prime factors of v.
7, 23
Let y(j) = j**3 - 16*j**2 - 33*j - 35. Let n be y(18). Let z = n - -538. List the prime factors of z.
557
Suppose 32*r + 16620 = 4*n + 28*r, 0 = 4*r - 4. What are the prime factors of n?
2, 1039
Let r(w) = 658*w - 971. List the prime factors of r(7).
5, 727
Suppose 4*k = -12, 966 = 3*a + 3*k - k. Suppose -620 - a = -2*o. What are the prime factors of o?
2, 59
Let i(u) = u**3 + 22*u**2 - 32*u + 37. Let f be (1 + 4)*(-2 - 12/5). List the prime factors of i(f).
3, 13, 19
Suppose -129*z = -170*z + 718730. List the prime factors of z.
2, 5, 1753
Suppose 3*y - 5 = -2*f + 5, 0 = 5*f - 4*y - 25. Suppose 56 = -2*v + 4*q, f*q = q. Let p = v + 65. List the prime factors of p.
37
Let m = -17409 - -37785. What are the prime factors of m?
2, 3, 283
Let d(t) = 12*t**2 + 45*t + 794. What are the prime factors of d(-18)?
2, 11
Let i(b) = -5*b**2 + 11*b - 40. Let j be i(16). Let y = j - -2621. What are the prime factors of y?
7, 211
Suppose 196 = 5*f + 16. Let g be (-2380)/3 + (-24)/f. What are the prime factors of (-20)/90 - g/9?
2, 11
Let s = -2312 - -4979. List the prime factors of s/13 + (-4)/52*2.
5, 41
Suppose 2*p - 5*s + 43 = 0, -4*p + s - 81 = -4*s. Let z = p + 169. Suppose 0 = -2*w + z - 44. List the prime factors of w.
53
Suppose 3*x + 1407 = m, -3*x - 3*m - 773 - 646 = 0. Let u = -335 - x. List the prime factors of u.
3, 5
Let u = 493 + -280. Let l = u + -82. What are the prime factors of l?
131
Let v(d) = d**3 - 11*d**2 - 10*d - 4. Let k be v(12). Let o = -14 + k. What are the prime factors of 84/(-35)*(-220)/o?
2, 11
Let l = 27 - 48. Let i be 3/2*(-1708)/l. Suppose 0 = 6*c - 380 + i. List the prime factors of c.
43
Let h(r) = r**3 + 26*r**2 - 29*r - 42. Let i = 29 - 56. Let p be h(i). Suppose p*a = 7*a + 150. What are the prime factors of a?
2, 3, 5
Suppose -2*x + 0*d + 486 = -d, 0 = -x + 2*d + 246. Let b = -654 - x. What are the prime factors of (b/(-70))/((-4)/(-30))?
2, 3
Let u(d) = -8*d**3 + 5*d**2 - 2*d - 2. Let z be u(4). Let r(j) = -65*j + 307. Let a be r(-6). Let f = a + z. What are the prime factors of f?
3, 5, 17
Let v(o) = 33*o - 2 + 33*o**2 - 129*o**2 + o**3 + 64*o**2. List the prime factors of v(31).
2, 3, 5
Suppose -300*f + 297*f - 5*z + 31461 = 0, -4*f - 5*z + 41938 = 0. What are the prime factors of f?
10477
What are the prime factors of -6 - -26887 - 10*26/(-65)?
5, 19, 283
Let f(q) = -15*q - 126. Suppose d - 2*l + 22 = 0, -19*l = d - 20*l + 24. List the prime factors of f(d).
2, 3, 11
Let x = 88 + -84. Suppose 24*h - x = 23*h + v, v = 1. What are the prime factors of (2 - (h + -1))/(4/(-194))?
97
Let h(k) = 20*k**2 - 10*k - 50. Let w be h(7). Suppose -2*n = -22*r + 20*r - 1720, 2*r + w = n. What are the prime factors of n?
2, 5, 43
Let u = 98207 + -51609. List the prime factors of u.
2, 23, 1013
Let k = -21701 + 36753. List the prime factors of k.
2, 53, 71
Let g = -951 - -986. List the prime factors of g*(-770)/(-50) + 1*-1.
2, 269
Let m(a) = -a**3 - 31*a**2 + 66*a + 3. Let u be m(-33). List the prime factors of ((u - -1144) + 2)*(-4)/(-12).
383
Suppose 0 = l - 3*l + 70. Suppose l*z - 30*z = 20. Suppose 200 = z*o - 28. What are the prime factors of o?
3, 19
Let d = 6258 - 3304. List the prime factors of d.
2, 7, 211
Suppose -404*y + 3045840 = -110*y. What are the prime factors of y?
2, 5, 7, 37
Suppose -o - 10*o = -5*o - 70278. What are the prime factors of o?
13, 17, 53
Let f(k) = 3*k + 19. Let b be f(-5). Let w be (-31)/(-9) - b/9. What are the prime factors of (72/w)/(-4)*(-44)/8?
3, 11
Suppose -4*i = -8*i + 1192. Let n = -6448 + 6594. Let p = i - n. List the prime factors of p.
2, 19
Let b(a) be the first derivative of 1/2*a**2 + 36*a + 1/3*a**3 + 6. List t